 {"id":160,"date":"2011-09-20T16:32:25","date_gmt":"2011-09-20T16:32:25","guid":{"rendered":"http:\/\/kommune4.dyndns.org\/wordpress\/?page_id=160"},"modified":"2023-10-03T14:04:02","modified_gmt":"2023-10-03T12:04:02","slug":"partner","status":"publish","type":"page","link":"https:\/\/www.solidaridad-ev.org\/es\/uber-solidaridad\/partner\/","title":{"rendered":"Cooperamos con"},"content":{"rendered":"<p><div class='content-column one_half'><p><a href=\"https:\/\/aprenderjuntos2014.wordpress.com\/\"><img loading=\"lazy\" decoding=\"async\" class=\"aligncenter wp-image-1399 size-full\" src=\"https:\/\/www.solidaridad-ev.org\/wp-content\/uploads\/2023\/10\/logo_ap.webp\" alt=\"aprender juntos e.V. Logo\" width=\"128\" height=\"60\" \/><\/a><\/p><\/div><div class='content-column one_half last_column'>Una organizaci\u00f3n asociada dedicada a promover la cooperaci\u00f3n sindical internacional.<\/div><div class='clear_column'><\/div><\/p>\n<hr \/>\n<p><div class='content-column one_half'><a href=\"https:\/\/radiocorax.de\/\"><img loading=\"lazy\" decoding=\"async\" class=\"aligncenter wp-image-1361 size-medium\" src=\"https:\/\/www.solidaridad-ev.org\/wp-content\/uploads\/2023\/06\/Logo_radio-corax_schwarz_2010-300x208.png\" alt=\"Radio Corax Logo\" width=\"300\" height=\"208\" srcset=\"https:\/\/www.solidaridad-ev.org\/wp-content\/uploads\/2023\/06\/Logo_radio-corax_schwarz_2010-300x208.png 300w, https:\/\/www.solidaridad-ev.org\/wp-content\/uploads\/2023\/06\/Logo_radio-corax_schwarz_2010.png 313w\" sizes=\"auto, (max-width: 300px) 85vw, 300px\" \/><\/a><\/p><\/div><div class='content-column one_half last_column'>Radio gratuita y no comercial de la regi\u00f3n de Halle y socio colaborador de solidaridad e.V.<\/div><div class='clear_column'><\/div><\/p>\n<hr \/>\n<p data-wp-editing=\"1\"><div class='content-column one_half'><a href=\"https:\/\/www.interbrigadas.org\/ueber\/\"><img loading=\"lazy\" decoding=\"async\" class=\"aligncenter wp-image-1362 size-medium\" src=\"https:\/\/www.solidaridad-ev.org\/wp-content\/uploads\/2023\/06\/interbrigadas-1-300x81.png\" alt=\"\" width=\"300\" height=\"81\" srcset=\"https:\/\/www.solidaridad-ev.org\/wp-content\/uploads\/2023\/06\/interbrigadas-1-300x81.png 300w, https:\/\/www.solidaridad-ev.org\/wp-content\/uploads\/2023\/06\/interbrigadas-1.png 370w\" sizes=\"auto, (max-width: 300px) 85vw, 300px\" \/><\/a><br \/><\/div><div class='content-column one_half last_column'>Las Interbrigadas son una organizaci\u00f3n asociada dedicada al intercambio pol\u00edtico y cultural entre Europa y Am\u00e9rica Latina.<\/div><div class='clear_column'><\/div><\/p>\n<hr \/>\n<p><div class='content-column one_half'><a href=\"https:\/\/amerika21.de\/\"><img loading=\"lazy\" decoding=\"async\" class=\"size-full wp-image-41 aligncenter\" src=\"https:\/\/www.solidaridad-ev.org\/wp-content\/uploads\/2011\/09\/banner_amerika21.gif\" alt=\"Aktuelle Nachrichten aus S\u00fcdamerika.\" width=\"240\" height=\"64\" \/><\/a><br \/><\/div><div class='content-column one_half last_column'>Aktuelle Nachrichten aus S\u00fcdamerika<\/div><div class='clear_column'><\/div><\/p>\n<hr \/>\n<p><div class='content-column one_half'><a href=\"https:\/\/www.friedenskreis-halle.de\/\"><img loading=\"lazy\" decoding=\"async\" class=\"size-full wp-image-44 aligncenter\" src=\"https:\/\/www.solidaridad-ev.org\/wp-content\/uploads\/2011\/09\/friedenskreis_logo.gif\" alt=\"\" width=\"200\" height=\"79\" \/><\/a><br \/><\/div><div class='content-column one_half last_column'>Friedenskreis Halle e.V.<\/div><div class='clear_column'><\/div><\/p>\n<hr \/>\n<p><div class='content-column one_half'><a href=\"https:\/\/www.rosalux.de\/\"><img loading=\"lazy\" decoding=\"async\" class=\"size-full wp-image-42 aligncenter\" src=\"https:\/\/www.solidaridad-ev.org\/wp-content\/uploads\/2011\/09\/banner_bildungsverein.gif\" alt=\"Die Rosa-Luxemburg-Stiftung unterst\u00fctzt regelm\u00e4\u00dfig Projekte des solidaridad e.V.\" width=\"200\" height=\"88\" \/><\/a><br \/><\/div><div class='content-column one_half last_column'>Rosa-Luxemburg-Stiftung Sachsen-Anhalt<\/div><div class='clear_column'><\/div><\/p>\n<hr \/>\n<p><div class='content-column one_half'><a href=\"http:\/\/www.halle-gegen-rechts.de\"><img loading=\"lazy\" decoding=\"async\" class=\"size-full wp-image-45 aligncenter\" title=\"gegenrechts\" src=\"https:\/\/www.solidaridad-ev.org\/wp-content\/uploads\/2011\/09\/gegenrechts.jpg\" alt=\"Der solidaridad e.V. geh\u00f6rt zu den ErstunterzeichnerInnen des Gr\u00fcndungsaufrufs \u201eHalle gegen Rechts \u2013 B\u00fcndnis f\u00fcr Zivilcourage\u201c\" width=\"200\" height=\"119\" \/><\/a><br \/><\/div><div class='content-column one_half last_column'>La alianza \u201cHalle gegen Rechts\u201d, alianza por el valor civil. <em>solidaridad e.V.<\/em> pertenece a los fundadores y primeros firmantes para el establecimiento de dicha alianza.<\/div><div class='clear_column'><\/div><\/p>","protected":false},"excerpt":{"rendered":"","protected":false},"author":1,"featured_media":0,"parent":11,"menu_order":2,"comment_status":"closed","ping_status":"open","template":"","meta":{"footnotes":""},"class_list":["post-160","page","type-page","status-publish","hentry"],"_links":{"self":[{"href":"https:\/\/www.solidaridad-ev.org\/es\/wp-json\/wp\/v2\/pages\/160","targetHints":{"allow":["GET"]}}],"collection":[{"href":"https:\/\/www.solidaridad-ev.org\/es\/wp-json\/wp\/v2\/pages"}],"about":[{"href":"https:\/\/www.solidaridad-ev.org\/es\/wp-json\/wp\/v2\/types\/page"}],"author":[{"embeddable":true,"href":"https:\/\/www.solidaridad-ev.org\/es\/wp-json\/wp\/v2\/users\/1"}],"replies":[{"embeddable":true,"href":"https:\/\/www.solidaridad-ev.org\/es\/wp-json\/wp\/v2\/comments?post=160"}],"version-history":[{"count":40,"href":"https:\/\/www.solidaridad-ev.org\/es\/wp-json\/wp\/v2\/pages\/160\/revisions"}],"predecessor-version":[{"id":1404,"href":"https:\/\/www.solidaridad-ev.org\/es\/wp-json\/wp\/v2\/pages\/160\/revisions\/1404"}],"up":[{"embeddable":true,"href":"https:\/\/www.solidaridad-ev.org\/es\/wp-json\/wp\/v2\/pages\/11"}],"wp:attachment":[{"href":"https:\/\/www.solidaridad-ev.org\/es\/wp-json\/wp\/v2\/media?parent=160"}],"curies":[{"name":"wp","href":"https:\/\/api.w.org\/{rel}","templated":true}]}}

<p><div class='content-column one_half'><p><a href="https://aprenderjuntos2014.wordpress.com/"><img loading="lazy" decoding="async" class="aligncenter wp-image-1399 size-full" src="https://www.solidaridad-ev.org/wp-content/uploads/2023/10/logo_ap.webp" alt="aprender juntos e.V. Logo" width="128" height="60" /></a></p></div><div class='content-column one_half last_column'>Una organización asociada dedicada a promover la cooperación sindical internacional.</div><div class='clear_column'></div></p>
<hr />
<p><div class='content-column one_half'><a href="https://radiocorax.de/"><img loading="lazy" decoding="async" class="aligncenter wp-image-1361 size-medium" src="https://www.solidaridad-ev.org/wp-content/uploads/2023/06/Logo_radio-corax_schwarz_2010-300x208.png" alt="Radio Corax Logo" width="300" height="208" srcset="https://www.solidaridad-ev.org/wp-content/uploads/2023/06/Logo_radio-corax_schwarz_2010-300x208.png 300w, https://www.solidaridad-ev.org/wp-content/uploads/2023/06/Logo_radio-corax_schwarz_2010.png 313w" sizes="auto, (max-width: 300px) 85vw, 300px" /></a></p></div><div class='content-column one_half last_column'>Radio gratuita y no comercial de la región de Halle y socio colaborador de solidaridad e.V.</div><div class='clear_column'></div></p>
<hr />
<p data-wp-editing="1"><div class='content-column one_half'><a href="https://www.interbrigadas.org/ueber/"><img loading="lazy" decoding="async" class="aligncenter wp-image-1362 size-medium" src="https://www.solidaridad-ev.org/wp-content/uploads/2023/06/interbrigadas-1-300x81.png" alt="" width="300" height="81" srcset="https://www.solidaridad-ev.org/wp-content/uploads/2023/06/interbrigadas-1-300x81.png 300w, https://www.solidaridad-ev.org/wp-content/uploads/2023/06/interbrigadas-1.png 370w" sizes="auto, (max-width: 300px) 85vw, 300px" /></a><br /></div><div class='content-column one_half last_column'>Las Interbrigadas son una organización asociada dedicada al intercambio político y cultural entre Europa y América Latina.</div><div class='clear_column'></div></p>
<hr />
<p><div class='content-column one_half'><a href="https://amerika21.de/"><img loading="lazy" decoding="async" class="size-full wp-image-41 aligncenter" src="https://www.solidaridad-ev.org/wp-content/uploads/2011/09/banner_amerika21.gif" alt="Aktuelle Nachrichten aus Südamerika." width="240" height="64" /></a><br /></div><div class='content-column one_half last_column'>Aktuelle Nachrichten aus Südamerika</div><div class='clear_column'></div></p>
<hr />
<p><div class='content-column one_half'><a href="https://www.friedenskreis-halle.de/"><img loading="lazy" decoding="async" class="size-full wp-image-44 aligncenter" src="https://www.solidaridad-ev.org/wp-content/uploads/2011/09/friedenskreis_logo.gif" alt="" width="200" height="79" /></a><br /></div><div class='content-column one_half last_column'>Friedenskreis Halle e.V.</div><div class='clear_column'></div></p>
<hr />
<p><div class='content-column one_half'><a href="https://www.rosalux.de/"><img loading="lazy" decoding="async" class="size-full wp-image-42 aligncenter" src="https://www.solidaridad-ev.org/wp-content/uploads/2011/09/banner_bildungsverein.gif" alt="Die Rosa-Luxemburg-Stiftung unterstützt regelmäßig Projekte des solidaridad e.V." width="200" height="88" /></a><br /></div><div class='content-column one_half last_column'>Rosa-Luxemburg-Stiftung Sachsen-Anhalt</div><div class='clear_column'></div></p>
<hr />
<p><div class='content-column one_half'><a href="http://www.halle-gegen-rechts.de"><img loading="lazy" decoding="async" class="size-full wp-image-45 aligncenter" title="gegenrechts" src="https://www.solidaridad-ev.org/wp-content/uploads/2011/09/gegenrechts.jpg" alt="Der solidaridad e.V. gehört zu den ErstunterzeichnerInnen des Gründungsaufrufs „Halle gegen Rechts – Bündnis für Zivilcourage“" width="200" height="119" /></a><br /></div><div class='content-column one_half last_column'>La alianza “Halle gegen Rechts”, alianza por el valor civil. <em>solidaridad e.V.</em> pertenece a los fundadores y primeros firmantes para el establecimiento de dicha alianza.</div><div class='clear_column'></div></p>
