 {"id":150,"date":"2011-09-20T16:18:01","date_gmt":"2011-09-20T16:18:01","guid":{"rendered":"http:\/\/kommune4.dyndns.org\/wordpress\/?page_id=150"},"modified":"2023-09-29T12:49:13","modified_gmt":"2023-09-29T10:49:13","slug":"praktikum","status":"publish","type":"page","link":"https:\/\/www.solidaridad-ev.org\/es\/mitmachen\/praktikum\/","title":{"rendered":"Pasant\u00edas en la asociaci\u00f3n solidaridad e.V."},"content":{"rendered":"<p>Siempre estamos buscando estudiantes motivados que quieren realizar una pasant\u00eda en conjunto con nuestra asociaci\u00f3n, ya sea como parte pr\u00e1ctica de su estudio o para ganar experiencia personal.<\/p>\n<p>Para realizar una pasant\u00eda en Solidaridad e.V. debe encontrarse una cierta afinidad con las metas y objetivos de la asociaci\u00f3n. Dado el caso que somos una asociaci\u00f3n relativamente joven, necesitamos apoyo en todos los campos de nuestras actividades. Se debe contar con cierta independencia para trabajar y con el valor de llevar a cabo las tareas por medio de iniciativa propia.<\/p>\n<p>Conocimientos en la lengua espa\u00f1ola son de ventaja pero no requisito.<\/p>\n\n\n<p><\/p>","protected":false},"excerpt":{"rendered":"<p>Siempre estamos buscando estudiantes motivados que quieren realizar una pasant\u00eda en conjunto con nuestra asociaci\u00f3n, ya sea como parte pr\u00e1ctica de su estudio o para ganar experiencia personal. Para realizar una pasant\u00eda en Solidaridad e.V. debe encontrarse una cierta afinidad con las metas y objetivos de la asociaci\u00f3n. Dado el caso que somos una asociaci\u00f3n &hellip; <a href=\"https:\/\/www.solidaridad-ev.org\/es\/mitmachen\/praktikum\/\" class=\"more-link\">Continuar leyendo<span class=\"screen-reader-text\"> &#8220;Pasant\u00edas en la asociaci\u00f3n solidaridad e.V.&#8221;<\/span><\/a><\/p>\n","protected":false},"author":1,"featured_media":0,"parent":136,"menu_order":0,"comment_status":"closed","ping_status":"open","template":"","meta":{"footnotes":""},"class_list":["post-150","page","type-page","status-publish","hentry"],"_links":{"self":[{"href":"https:\/\/www.solidaridad-ev.org\/es\/wp-json\/wp\/v2\/pages\/150","targetHints":{"allow":["GET"]}}],"collection":[{"href":"https:\/\/www.solidaridad-ev.org\/es\/wp-json\/wp\/v2\/pages"}],"about":[{"href":"https:\/\/www.solidaridad-ev.org\/es\/wp-json\/wp\/v2\/types\/page"}],"author":[{"embeddable":true,"href":"https:\/\/www.solidaridad-ev.org\/es\/wp-json\/wp\/v2\/users\/1"}],"replies":[{"embeddable":true,"href":"https:\/\/www.solidaridad-ev.org\/es\/wp-json\/wp\/v2\/comments?post=150"}],"version-history":[{"count":36,"href":"https:\/\/www.solidaridad-ev.org\/es\/wp-json\/wp\/v2\/pages\/150\/revisions"}],"predecessor-version":[{"id":1377,"href":"https:\/\/www.solidaridad-ev.org\/es\/wp-json\/wp\/v2\/pages\/150\/revisions\/1377"}],"up":[{"embeddable":true,"href":"https:\/\/www.solidaridad-ev.org\/es\/wp-json\/wp\/v2\/pages\/136"}],"wp:attachment":[{"href":"https:\/\/www.solidaridad-ev.org\/es\/wp-json\/wp\/v2\/media?parent=150"}],"curies":[{"name":"wp","href":"https:\/\/api.w.org\/{rel}","templated":true}]}}

Pasantías en la asociación solidaridad e.V.

<p>Siempre estamos buscando estudiantes motivados que quieren realizar una pasantía en conjunto con nuestra asociación, ya sea como parte práctica de su estudio o para ganar experiencia personal.</p>
<p>Para realizar una pasantía en Solidaridad e.V. debe encontrarse una cierta afinidad con las metas y objetivos de la asociación. Dado el caso que somos una asociación relativamente joven, necesitamos apoyo en todos los campos de nuestras actividades. Se debe contar con cierta independencia para trabajar y con el valor de llevar a cabo las tareas por medio de iniciativa propia.</p>
<p>Conocimientos en la lengua española son de ventaja pero no requisito.</p>


<p></p>

<p>Siempre estamos buscando estudiantes motivados que quieren realizar una pasantía en conjunto con nuestra asociación, ya sea como parte práctica de su estudio o para ganar experiencia personal. Para realizar una pasantía en Solidaridad e.V. debe encontrarse una cierta afinidad con las metas y objetivos de la asociación. Dado el caso que somos una asociación &hellip; <a href="https://www.solidaridad-ev.org/es/mitmachen/praktikum/" class="more-link">Continuar leyendo<span class="screen-reader-text"> &#8220;Pasantías en la asociación solidaridad e.V.&#8221;</span></a></p>
